{"id":590,"date":"2026-03-25T11:49:54","date_gmt":"2026-03-25T08:49:54","guid":{"rendered":"https:\/\/aspava.yahsimedya.com\/?post_type=product&#038;p=590"},"modified":"2026-03-25T11:50:15","modified_gmt":"2026-03-25T08:50:15","slug":"karisik-pide-2","status":"publish","type":"product","link":"https:\/\/aspava.yahsimedya.com\/?product=karisik-pide-2","title":{"rendered":"Kar\u0131\u015f\u0131k Pide"},"content":{"rendered":"","protected":false},"excerpt":{"rendered":"","protected":false},"featured_media":174,"comment_status":"open","ping_status":"closed","template":"","meta":[],"product_brand":[],"product_cat":[27],"product_tag":[],"class_list":{"0":"post-590","1":"product","2":"type-product","3":"status-publish","4":"has-post-thumbnail","6":"product_cat-pideler","8":"first","9":"instock","10":"shipping-taxable","11":"purchasable","12":"product-type-simple"},"_links":{"self":[{"href":"https:\/\/aspava.yahsimedya.com\/index.php?rest_route=\/wp\/v2\/product\/590","targetHints":{"allow":["GET"]}}],"collection":[{"href":"https:\/\/aspava.yahsimedya.com\/index.php?rest_route=\/wp\/v2\/product"}],"about":[{"href":"https:\/\/aspava.yahsimedya.com\/index.php?rest_route=\/wp\/v2\/types\/product"}],"replies":[{"embeddable":true,"href":"https:\/\/aspava.yahsimedya.com\/index.php?rest_route=%2Fwp%2Fv2%2Fcomments&post=590"}],"wp:featuredmedia":[{"embeddable":true,"href":"https:\/\/aspava.yahsimedya.com\/index.php?rest_route=\/wp\/v2\/media\/174"}],"wp:attachment":[{"href":"https:\/\/aspava.yahsimedya.com\/index.php?rest_route=%2Fwp%2Fv2%2Fmedia&parent=590"}],"wp:term":[{"taxonomy":"product_brand","embeddable":true,"href":"https:\/\/aspava.yahsimedya.com\/index.php?rest_route=%2Fwp%2Fv2%2Fproduct_brand&post=590"},{"taxonomy":"product_cat","embeddable":true,"href":"https:\/\/aspava.yahsimedya.com\/index.php?rest_route=%2Fwp%2Fv2%2Fproduct_cat&post=590"},{"taxonomy":"product_tag","embeddable":true,"href":"https:\/\/aspava.yahsimedya.com\/index.php?rest_route=%2Fwp%2Fv2%2Fproduct_tag&post=590"}],"curies":[{"name":"wp","href":"https:\/\/api.w.org\/{rel}","templated":true}]}}